mmon factor of 15 and y?
15
Suppose 7*h = 2*r + 2*h - 592, -854 = -3*r - h. Calculate the greatest common divisor of 22 and r.
22
Let l(p) = p**3 + 2*p**2 + 192. Suppose 2*g - g = -0*g. Let a be l(g). Let o = a + -136. Calculate the highest common divisor of 7 and o.
7
Suppose -4*j - b + 42 = 0, 0 = -5*j + 3*b + 22 + 39. Let w(v) = -100*v + 4252. Let d be w(39). What is the highest common factor of j and d?
11
Let r(a) = a**2 - 5*a. Let k be r(5). Suppose k = -2*q + 32. Suppose -130 + 646 = 129*t. What is the greatest common divisor of t and q?
4
Suppose 0 = -7*v + 10*v - 594. Suppose s - m = -3*s - 843, s + 4*m = -v. Let j = s - -342. Calculate the highest common factor of j and 33.
33
Let z be 107/2 - 98/28. Let y(k) = k**2 + 10*k - 11. Let c be y(-12). Suppose c*l - 418 - z = 0. Calculate the highest common factor of l and 72.
36
Let l = 46 + -7. Let s(j) = l + 41 - 49*j - 84. Let o be s(-1). What is the greatest common factor of 15 and o?
15
Let h be (-60)/(-9)*2352/70. Let s be (1 - -1)*119/34. Calculate the greatest common factor of h and s.
7
Let t = 2007 - 1872. Calculate the greatest common divisor of t and 5535.
135
Let a(g) = g**2 - 4*g. Let z be a(5). Let x be (6/z)/(14/35). Suppose -x = 4*k - 19. Calculate the greatest common factor of 16 and k.
4
Suppose -2*o = 5*g - 2*g - 12, -5*o = 3*g - 21. Let s be 298/4 - 9/(-18). Calculate the greatest common divisor of o and s.
3
Suppose -5*p + 192 = -3*q - 165, 3*q - 75 = -p. Suppose 2*z = -w + 54, 4*w - 7*w = 4*z - 162. Calculate the greatest common factor of w and p.
18
Let g = -14 + 21. Suppose -12*k + 612 = -8*k. Let t = k - 90. What is the greatest common divisor of g and t?
7
Suppose 3*t + t + 484 = 0. Let b = t - -136. What is the greatest common factor of b and 45?
15
Suppose -3*z + 384 = g, -2*g - 82 = -3*z + 284. What is the greatest common factor of 2646 and z?
126
Let s be ((-27965)/(-94))/(((-3)/2)/3). Let b = s + 868. What is the highest common divisor of 156 and b?
39
Suppose k = -13 + 25. Let o(d) = d**3 - 13*d**2 + 11*d + 15. Let i be o(k). Suppose 0 = -p - i*p + 64. What is the highest common factor of p and 16?
16
Let p = 21746 - 5941. Calculate the greatest common divisor of p and 109.
109
Let l(k) = 21*k + 434. Let q be l(-18). Calculate the greatest common divisor of 6104 and q.
56
Let s(d) = -12*d - 113. Let k(o) = 10*o + 91. Let x(j) = 5*k(j) + 4*s(j). Let z = -10 + 16. Let r be x(z). What is the highest common factor of r and 6?
3
Suppose 0 = -5*w - 5*x + 136730, -26*w + 23*w - 4*x + 82041 = 0. What is the highest common factor of w and 37?
37
Let m be ((-315)/(-28))/(3/(-8)). Let j = m + 75. What is the greatest common divisor of 5 and j?
5
Let u(y) = y**3 - 5*y**2 - 4*y - 55. Let r be u(7). What is the greatest common factor of r and 39?
3
Let x be -3*((2 - 0) + -5). Suppose -5*m = -2*q + 360, -5*m + q - x = 351. Let a = m + 144. Calculate the greatest common divisor of 9 and a.
9
Let m be (0 + (-6)/(-8))/(3/(-96)). Let r = -24 - m. Let o be (-40 - r)/((-2)/4). Calculate the greatest common factor of o and 20.
20
Suppose 375478 = 69*x + 45106. Calculate the greatest common divisor of 56 and x.
28
Suppose 40*r - 12*r - 1036 = 0. Suppose 4*v = -4*q + 88, -44*q - r = -v - 40*q. Let f = 18 - 13. Calculate the highest common divisor of f and v.
5
Suppose -z + 231 + 14 = 0. Suppose 0 = -14*n + 12*n - 4. Let u(i) = -28*i - 21. Let t be u(n). Calculate the greatest common factor of t and z.
35
Let u = -180 - -338. Suppose -39*t + 115*t = 46*t + 21330. What is the greatest common divisor of t and u?
79
Suppose 8*g = 3*p + 7*g + 8, 3*g = 2*p + 10. Let i be 2 - 5 - p - -111. What is the highest common factor of i and 40?
10
Let o(y) = y**3 + 12*y**2 + 37*y + 42. Suppose -86*r + 98 = -100*r. Let u be o(r). What is the greatest common divisor of u and 448?
28
Let u = -1003 - -1059. What is the highest common divisor of 1106 and u?
14
Let q = 8581 + -1640. Calculate the greatest common factor of q and 22.
11
Let g(a) = 89*a + 10. Let u(y) = -179*y - 20. Let v(i) = 7*g(i) + 3*u(i). Let x be v(-8). Let k = -440 - x. What is the greatest common factor of k and 34?
34
Suppose 0 = 158*g - 164255 - 201307 + 266. Calculate the greatest common divisor of 2720 and g.
136
Suppose -3*r + 2*n = 2 + 71, 2*r - 5*n + 45 = 0. Let z be r*72/(-20)*1. What is the greatest common factor of 40 and z?
10
Let f = 831 + 3219. Let k be (2/6)/(50/f). Let w = 1 - -2. Calculate the highest common divisor of w and k.
3
Suppose -z - z = 0. Let c = z + 5. Let n be 52/(-8)*8/(-26). Calculate the greatest common divisor of c and n.
1
Suppose -5*i = -1859 + 299. Calculate the highest common factor of 2964 and i.
156
Suppose -3*h = -12, -4*x - 7 + 19 = h. Suppose -x*i - 4*w + 28 = -34, 2*i - 2*w = 62. Suppose -i = -2*q - 17. Calculate the highest common divisor of q and 35.
7
Let d(z) = 0*z - 63 + 6*z + z + 2. Let a be d(9). Suppose -a*n - 4*n = -6. What is the greatest common factor of 16 and n?
1
Suppose -96*l + 98 = -39*l - 43*l. Let w = 13 + -8. Suppose w*n - 139 = -2*j + 135, -3 = j. Calculate the highest common factor of l and n.
7
Let k = -5768 + 5883. What is the highest common divisor of k and 25?
5
Let t(i) = -i + 26. Let w be t(4). Suppose -1020 = -2*g - m, -2*g + 1004 = -7*m + 4*m. Let z = g + -354. What is the highest common factor of z and w?
22
Let p(m) = 11*m - 69. Let c(y) = 15*y - 69. Let n(r) = -2*c(r) + 3*p(r). Let q be n(25). Calculate the greatest common divisor of q and 66.
6
Let o(w) = 29*w**2 - 32*w**2 + 3 + 100*w**3 + 430*w**3 - 2*w. Let j be o(1). What is the greatest common factor of 16 and j?
16
Let t be (-27)/(-189) + (-461)/(-7). Suppose 60*m + 3078 = t*m. What is the greatest common divisor of m and 54?
27
Let g(x) = 4*x**2 - 125*x + 47. Let j be g(32). Calculate the greatest common divisor of 156 and j.
13
Suppose -3*v = -z + 10, 0 = -z - 0*z - 4*v + 10. Let j be 6/15 + 2*83/z. Calculate the highest common factor of 221 and j.
17
Suppose -3*y + 16 = -p - 88, 0 = -3*p + 4*y - 332. Let k = p + 148. What is the highest common divisor of 48 and k?
16
Let n be (10/(-4))/(-1)*2. Let i be 1*(-5)/(-5) + n. Suppose 0 = 2*m - 3*q - i, -q = 3*m + 4 - 24. Calculate the highest common factor of 3 and m.
3
Suppose 6*q - 47534 = 2*q - 2*p, -p - 47531 = -4*q. What is the greatest common factor of q and 34?
17
Let l(y) = -36*y**2 + 74*y**2 - 16 + 2*y + 39 + 52 - 37*y**2. Suppose -2*a = -0*a. Let z be l(a). What is the greatest common divisor of 15 and z?
15
Let t(q) = q**3 + 9*q**2 - 11*q - 8. Let r(k) = 3*k**3 + 43*k**2 + 13*k - 24. Let j be r(-14). Let h be t(j). Calculate the greatest common factor of h and 74.
2
Suppose i + 13 - 2 = 0. Let k = 65 + i. Let s(r) = 5*r**2 + 13*r + 12. Let x be s(-3). Calculate the greatest common divisor of k and x.
18
Let z be ((-128)/5)/((-1)/15) + -1. Suppose 0 = 4*c - z - 93. Suppose 0 = -6*v - v + c. What is the greatest common divisor of 136 and v?
17
Suppose -24 = -18*k + 21*k. Let j be (-408)/17*10/k. Let u be ((-18)/(-4))/(6/16). Calculate the highest common factor of u and j.
6
Let o(k) = 25*k**2 - 42*k + 41. Let y be o(-18). Calculate the greatest common factor of y and 434.
217
Suppose 145 = -3*x + 16. Let l = x - -57. What is the greatest common factor of 14 and l?
14
Suppose -q + 0*g + g = -113, -q + 5*g + 109 = 0. Suppose 48*m = 50*m + q. Let i = m + 64. Calculate the greatest common factor of 91 and i.
7
Let v be (-3)/2*((-41216)/(-42))/(-32). Calculate the highest common divisor of v and 13478.
46
Let h be ((-146)/8)/((-52)/16 + 3). Suppose 5*w = -h + 113. What is the greatest common factor of 20 and w?
4
Let t = 60 + -40. Let r be 4*5/(-60) - (-6605)/15. Calculate the highest common factor of t and r.
20
Let x = -1333 - -822. Suppose -228*w - 47464 = -92*w. Let s = w - x. What is the greatest common divisor of s and 18?
18
Let x = 5953 - 4953. Calculate the greatest common factor of 40 and x.
40
Suppose 6*m = 2*m + o + 14, -4*m + 5*o + 22 = 0. Let z be (m + 36)*(-62)/(-6). What is the greatest common factor of 13 and z?
13
Let u = -3390 + 5662. Calculate the greatest common factor of u and 32.
32
Let b be 42*2*(-65)/(-10). Calculate the greatest common factor of 49 and b.
7
Let w = -723 + 1107. Let b = -319 + w. Calculate the greatest co